 the tens digit of h(-19)?
6
Let f = 1304 + -811. Suppose u - 3*s = f, -4*s + 1531 = 2*u + u. What is the tens digit of u?
0
Suppose 2*k - 5*k = 2*l - 27, -2*l - k + 17 = 0. Let i be 3/l + 3201/6 - -3. Suppose 3*w - 3*t - i = -0*t, 0 = 3*w + 5*t - 553. What is the tens digit of w?
8
Let i = -9001 + 13990. What is the hundreds digit of i?
9
Let w = -116 - -1034. Let r = w - 549. What is the units digit of r?
9
Let h be (-4 + 0)*-1 + 24. Suppose -h - 24 = -13*p. Suppose -4*b + 204 - 672 = -4*m, -230 = -2*m + p*b. What is the units digit of m?
9
Suppose q = -0*t + t - 20, q + 112 = 5*t. Let b(m) = -33 + 10 + 9 - t*m. What is the tens digit of b(-6)?
2
Let b = 77 + -114. Let k = 1650 - 1641. Let s = k - b. What is the tens digit of s?
4
Let c(r) = -5*r - 25. Let t(u) = 5*u + 26. Let l(b) = 7*c(b) + 6*t(b). Let w be l(-25). Let h = 196 - w. What is the units digit of h?
0
Suppose w - 145 = -2*w + g, 4*g = 2*w - 80. Let h(s) = -20*s + 138. Let c be h(2). Let a = c - w. What is the units digit of a?
8
Let z(p) = 359*p - 128. Let l(u) = -538*u + 194. Let k(g) = -5*l(g) - 8*z(g). What is the units digit of k(-6)?
6
Let v(g) = 3*g**2 + 88*g + 1011. What is the units digit of v(-28)?
9
Let t(p) = p**3 - 7*p**2 + 12*p - 9. Let o(h) = -h**3 + 6*h**2 - 13*h + 9. Let q(v) = 2*o(v) + 3*t(v). What is the units digit of q(9)?
1
Let v(i) = 21048*i**3 + 5*i**2 - 2*i - 1. Let s be v(1). Suppose 0 = 14*w + 11*w - s. What is the tens digit of w?
4
Let j = 138 + -141. Let n be 4/(-6) + (-34)/(-6) + j. Suppose -3*b = n*v - 307, -5*b = -4*v + 90 + 557. What is the units digit of v?
8
Let k = 345 + -26. Suppose 5*n = 4*b - 1254, -b + 16*n + k = 12*n. What is the tens digit of b?
1
Let v = 123 + -74. Let p = 54 - v. Suppose u - p*u + 121 = j, u = -j + 28. What is the tens digit of u?
3
Suppose -8*f + 10 = -22. Suppose f*m + 2*n = 30, 2 = -4*m + 5*n - 3. Suppose -2*w = 6, -m = 2*g + w - 38. What is the units digit of g?
8
Let d(g) = -g**2 + 25*g - 102. Let j be d(20). Let o = 906 - j. What is the tens digit of o?
0
Let x(b) = 11*b**3 + 3*b - 2. Let k(c) = 23*c**3 + 7*c - 4. Let o(p) = 4*k(p) - 9*x(p). Let i be o(-2). What is the units digit of (-862)/(-5) + (i/35 - 2)?
2
Let x = 18 + -15. Suppose 3*w - x*h + 5397 = 7*w, -w - h + 1350 = 0. What is the tens digit of w?
4
What is the hundreds digit of 13029004/435 - (-12)/45?
9
Let o(l) = 317*l**2 + 15*l + 68. What is the hundreds digit of o(-5)?
9
Let f = 22110 + -361. What is the units digit of f?
9
Let w = 80641 + -37280. What is the units digit of w?
1
Suppose 2 = 4*a + 10, 0 = 3*o - 5*a - 25. What is the units digit of (2*725/o)/(0 - -2)?
5
Suppose -6743 = -j - 2*w, -3*w + 13450 = 2*j - 8*w. What is the thousands digit of j?
6
Suppose 2*g + 3 = 4*x - 7, 2*g - 10 = -x. Suppose g*u - 8 = u. What is the tens digit of (498/u + -2)*(-24)/(-30)?
9
Let i(v) = 423*v - 945. What is the tens digit of i(22)?
6
Suppose 0 = -4*s - 2*z + 94, 4*s + 101*z = 102*z + 85. Suppose s*c - 20*c = k - 35, -k + 11 = 4*c. What is the tens digit of k?
2
Suppose -3*m + 0*m + 117 = 0. Suppose 5*u - m = 196. Suppose 0 = 3*q - 4*w - u, -3*q + 43 = -6*w + w. What is the units digit of q?
1
Let l(f) = 3*f**2 + 9. Let j be 3 - 483/(-6) - 2/4. Let k = j - 78. What is the tens digit of l(k)?
8
What is the tens digit of (-159)/6*(-2822 - -140)?
7
Suppose -a - 164 = 2*v, 0 = -4*a - v - v - 680. Let y be (-4 - (2 - 4))*a. Let n = -235 + y. What is the units digit of n?
9
Let b = 1311 - 190. Let o = 1640 - b. What is the hundreds digit of o?
5
Suppose 621 = 11*v - 182. Let o = 109 - v. Suppose -25*g - 2640 = -o*g. What is the units digit of g?
0
Suppose 282*a - 3281174 = 1642058 + 5589164. What is the hundreds digit of a?
2
What is the tens digit of (-309)/515 - (-107556)/10?
5
Let v(r) = 4 + 3 + 0 - 6. Let u(a) = 14*a - 3. Let h(n) = u(n) - 3*v(n). What is the units digit of h(6)?
8
Let w be 3*((16/(-3))/4)/1. Let v = w + 1. What is the hundreds digit of ((-19)/(475/(-30)))/(v/(-260))?
1
Suppose -v + 2*w + 2861 = -5916, 5*v - 43867 = w. What is the units digit of v?
3
Let t(z) = 108*z**2 - 97*z + 962. What is the units digit of t(9)?
7
Let f = 190 + -185. Suppose -3*y + f*y = 850. What is the units digit of y?
5
Let f = 1843 + -3833. What is the units digit of f/(-5) - (-6 - -3 - 1)?
2
Let n = 545 + -844. Let t = n + 585. Let j = 483 - t. What is the tens digit of j?
9
Let g(l) = -833*l - 854. What is the units digit of g(-12)?
2
Let x = -143 + 158. Let i(l) = -l**3 + 17*l**2 - 3*l + 24. What is the hundreds digit of i(x)?
4
Suppose -18*y + 78 = -12. Suppose -5*d + 720 = y*f, 0 = -4*d - 2*f + 236 + 336. What is the units digit of d?
2
Suppose 2*v - 80*d + 82*d = 42720, 5*d = -30. What is the hundreds digit of v?
3
Let o = 109 + -67. Let f = 245 - 112. Let x = f - o. What is the tens digit of x?
9
Let g = 1060 + 392. Let i = -415 + g. What is the thousands digit of i?
1
Let k = 18882 + -13827. What is the tens digit of k?
5
Let k be 3*(-1)/4*(26 - 34). Suppose -8 = k*y - 2*y. What is the units digit of y - 1335/(-18) - 9/54?
2
Let v be (18/(-27))/((-2)/(-6))*-2. Suppose 3*l + 864 = v*s - 132, 480 = 2*s + 3*l. Let a = s - 127. What is the hundreds digit of a?
1
Let o(q) = q**3 - 14*q**2 + 12*q - 8. Let l be o(13). Let t be 5253/7 + 9/l. Suppose 0 = -n + 7*n - t. What is the hundreds digit of n?
1
What is the tens digit of (-4 - (-9318)/9)*(-54)/(-21)?
5
Let g(n) = n**3 - 12*n**2 - 20*n + 18. Let q be g(13). Let y = 103 + q. What is the units digit of 2/5 + 168/y?
6
Let y(f) be the second derivative of -4*f**3/3 - 20*f**2 - 2*f + 40. What is the tens digit of y(-8)?
2
What is the thousands digit of ((2910649/35)/(-7))/(-10 - 343/(-35))?
9
Suppose -12 = 21*i - 54. Suppose 0 = -4*l + 4*d + 1 + 15, -4 = -i*d. Suppose 0 = -3*r - l*r + 2484. What is the hundreds digit of r?
2
Suppose -2*l + 4 = -0*l + g, 20 = 4*l - g. Let r(n) = -8*n**2 + 6 + l*n + 3 - 3 - 3*n**3. What is the units digit of r(-4)?
4
Let t(z) = -98*z**3 - 2*z**2 - 4*z - 2. Let u = -50 + 37. Let g(l) = -2*l - 27. Let j be g(u). What is the tens digit of t(j)?
9
Let a(z) be the second derivative of 91*z**3/2 - 243*z**2/2 + 168*z. What is the tens digit of a(4)?
4
Let l(f) = -9*f**3 - 8*f + 3. Let x be l(3). Let z = -17 - x. Suppose -z = 10*k - 1387. What is the units digit of k?
4
Let w be (-24)/(-16) + (-22)/4. Let b be ((-2)/w)/(9/(-90)). What is the tens digit of -100*b/10 + 4?
5
Suppose -3*p = -4*g - 8*p + 264, 2*p + 66 = g. Suppose -2*q + 5*i = 132, q + 0*q - 2*i = -g. Let r = q - -98. What is the tens digit of r?
3
Suppose 0 = 13*m - 320459 - 157909 + 111521. What is the thousands digit of m?
8
Suppose 2*b = -0*b - 3*i - 1923, -2*b = -2*i + 1908. Let k = b - -1443. What is the tens digit of k?
8
Let m = -1257 + 26347. What is the units digit of m?
0
Suppose 3 = 3*f - 0*f. Let b be (-2)/(-3)*-12*f/(-2). Suppose u - 171 + 48 = -4*l, 180 = 5*l - b*u. What is the units digit of l?
2
Let l = -23 + 21. What is the units digit of l/(-7) + 5116/28?
3
Suppose 4*q - 5 = -1, 0 = -2*o - 3*q + 203. Let b = o - 97. Suppose b*d = 0, 4*x - 3*x + d = 31. What is the units digit of x?
1
Let u(l) = 126*l - 78. Let j be 32/6 - (4 + (-14)/3). What is the tens digit of u(j)?
7
Let a be ((-2)/(-4) - -1)*820. Suppose 0 = 2*d - o - a, o - 1651 = -4*d + 803. Suppose 9*s - 556 = d. What is the hundreds digit of s?
1
Let r(a) = -a**3 + a**2 - a + 168. Suppose -8*z = 3*z. Let c be r(z). Suppose -2*o = o - c. What is the tens digit of o?
5
Let r(a) = -24694*a - 1307. What is the units digit of r(-2)?
1
Suppose -708 = 3*g - 699, 4*g = -3*q + 64302. What is the hundreds digit of q?
4
Suppose -3*r - 15 = 5*j, -2*j = 3*r - j + 15. What is the tens digit of 1*4 - (r - (-762)/(-2))?
9
Suppose -34*q + 396779 + 250359 = 115242. What is the hundreds digit of q?
6
Let i(f) = 369*f**2 + f. Let t = -5 + 4. Let d be i(t). Let u = d + -181. What is the tens digit of u?
8
What is the ten thousands digit of (5906/(-8))/((0 + (-6)/12)/24)?
3
Let a(v) = 187*v + 2. Suppose 2*i = -3*z - 7, 5*i + 0*z = 2*z + 11. Let h be a(i). Suppose h = 4*u - u. What is the tens digit of u?
6
Let b(h) = -8998*h - 302. What is the hundreds digit of b(-1)?
6
Let o(t) = -5*t**2 - 9*t - 17. Let g be o(-5). Let c = g - -96. What is the units digit of (8/(-4) - 